nder when 8440698 is divided by 216425?
123
Calculate the remainder when 8746338 is divided by 367.
361
Calculate the remainder when 858177502 is divided by 166.
164
Calculate the remainder when 1632897 is divided by 1631996.
901
Calculate the remainder when 431244 is divided by 498.
474
What is the remainder when 4005024 is divided by 2057?
45
What is the remainder when 1480630 is divided by 6730?
30
What is the remainder when 34114079 is divided by 1144?
1143
What is the remainder when 75609688 is divided by 25203215?
43
Calculate the remainder when 9511 is divided by 1353.
40
What is the remainder when 128584 is divided by 634?
516
Calculate the remainder when 113951725 is divided by 56975854.
17
Calculate the remainder when 178803 is divided by 577.
510
What is the remainder when 1502766 is divided by 45538?
12
What is the remainder when 4055027 is divided by 12?
11
Calculate the remainder when 2809306 is divided by 8.
2
What is the remainder when 4881075 is divided by 9?
6
Calculate the remainder when 27275 is divided by 2665.
625
Calculate the remainder when 67808 is divided by 12803.
3793
What is the remainder when 904373 is divided by 8614?
8517
Calculate the remainder when 40568 is divided by 178.
162
Calculate the remainder when 10810210 is divided by 1201134.
4
Calculate the remainder when 13685190 is divided by 6842571.
48
What is the remainder when 1260484 is divided by 70?
64
What is the remainder when 2598507 is divided by 134?
113
What is the remainder when 26604441 is divided by 917394?
15
What is the remainder when 114405754 is divided by 40?
34
Calculate the remainder when 23756097 is divided by 279483.
42
What is the remainder when 162095 is divided by 1831?
967
What is the remainder when 1336823 is divided by 3?
2
Calculate the remainder when 19395 is divided by 202.
3
Calculate the remainder when 103202871 is divided by 775.
771
What is the remainder when 188172 is divided by 10277?
3186
What is the remainder when 2765518 is divided by 682?
8
Calculate the remainder when 18366746 is divided by 531.
518
Calculate the remainder when 100793882 is divided by 853.
843
Calculate the remainder when 347595 is divided by 1687.
73
What is the remainder when 28631740 is divided by 567?
508
Calculate the remainder when 3514681 is divided by 916.
905
Calculate the remainder when 628952 is divided by 78416.
1624
What is the remainder when 181749899 is divided by 930?
929
Calculate the remainder when 1779538 is divided by 4168.
3970
Calculate the remainder when 531622 is divided by 856.
46
What is the remainder when 124794775 is divided by 31198691?
11
What is the remainder when 24828115 is divided by 362?
345
Calculate the remainder when 824561 is divided by 1475.
36
Calculate the remainder when 938717 is divided by 1342.
659
Calculate the remainder when 74312 is divided by 12316.
416
What is the remainder when 530019 is divided by 66091?
1291
What is the remainder when 18900492 is divided by 45?
42
What is the remainder when 416152 is divided by 191?
154
What is the remainder when 32666381 is divided by 4188?
4169
What is the remainder when 18073390 is divided by 41548?
10
What is the remainder when 3837460 is divided by 1008?
4
What is the remainder when 223178 is divided by 1941?
1904
What is the remainder when 43266470 is divided by 1959?
1955
Calculate the remainder when 265627 is divided by 103.
93
What is the remainder when 1114314 is divided by 1259?
99
Calculate the remainder when 51850954 is divided by 87.
85
Calculate the remainder when 1101342 is divided by 554.
544
Calculate the remainder when 55018 is divided by 53827.
1191
What is the remainder when 4393 is divided by 1079?
77
Calculate the remainder when 24411371 is divided by 45.
41
What is the remainder when 63751598 is divided by 27694?
10
Calculate the remainder when 27144 is divided by 4702.
3634
What is the remainder when 113967232 is divided by 37989073?
13
Calculate the remainder when 1094860 is divided by 364910.
130
What is the remainder when 11393614 is divided by 1898931?
28
What is the remainder when 20567 is divided by 3454?
3297
What is the remainder when 675232 is divided by 337523?
186
Calculate the remainder when 90290 is divided by 296.
10
What is the remainder when 23590 is divided by 283?
101
What is the remainder when 785415 is divided by 785311?
104
Calculate the remainder when 1307700 is divided by 246.
210
What is the remainder when 91835068 is divided by 2791?
4
Calculate the remainder when 1075233 is divided by 107.
97
Calculate the remainder when 385668798 is divided by 2720.
2718
What is the remainder when 40684408 is divided by 77?
72
Calculate the remainder when 237455 is divided by 2108.
1359
What is the remainder when 49247633 is divided by 125?
8
What is the remainder when 1365321 is divided by 70?
41
Calculate the remainder when 42311 is divided by 532.
283
Calculate the remainder when 35866062 is divided by 29.
22
What is the remainder when 1850750 is divided by 21?
20
What is the remainder when 21321775 is divided by 127?
126
Calculate the remainder when 14202719 is divided by 112.
111
What is the remainder when 206409 is divided by 102623?
1163
What is the remainder when 3153926 is divided by 85241?
9
What is the remainder when 75020 is divided by 335?
315
What is the remainder when 519620 is divided by 57666?
626
What is the remainder when 1985848 is divided by 99?
7
What is the remainder when 35794782 is divided by 16?
14
What is the remainder when 2481576 is divided by 827129?
189
Calculate the remainder when 383703 is divided by 191851.
1
Calculate the remainder when 25966 is divided by 8616.
118
What is the remainder when 878575 is divided by 39?
22
Calculate the remainder when 118667523 is divided by 1528.
1515
What is the remainder when 34451 is divided by 2792?
947
What is the remainder when 474016 is divided by 93?
88
What is the remainder when 470668 is divided by 31?
26
Calculate the remainder when 85734 is divided by 28459.
357
Calculate the remainder when 280357 is divided by 139654.
1049
What is the remainder when 226059 is divided by 630?
519
Calculate the remainder when 201421 is divided by 1361.
1354
Calculate the remainder when 5396333 is divided by 88.
85
What is the remainder when 454441 is divided by 113580?
121
What is the remainder when 281620737 is divided by 92?
89
Calculate the remainder when 7846 is divided by 7597.
249
What is the remainder when 121270840 is divided by 427010?
0
Calculate the remainder when 4409603 is divided by 392.
387
What is the remainder when 140538419 is divided by 68?
31
Calculate the remainder when 781336210 is divided by 4379.
4377
What is the remainder when 770573 is divided by 844?
1
What is the remainder when 1585677 is divided by 27339?
15
What is the remainder when 2566246 is divided by 418?
144
Calculate the remainder when 45814344 is divided by 145.
144
Calculate the remainder when 2439937 is divided by 317.
305
Calculate the remainder when 25841299 is divided by 1230538.
1
Calculate the remainder when 6267891 is divided by 33.
3
What is the remainder when 6345887 is divided by 24?
23
What is the remainder when 348376 is divided by 347508?
868
Calculate the remainder when 420609 is divided by 20567.
9269
Calculate the remainder when 1124879 is divided by 11245.
379
What is the remainder when 12745185 is divided by 3234?
3225
What is the remainder when 693944 is divided by 2203?
2202
Calculate the remainder when 25041 is divided by 53.
25
What is the remainder when 222430 is divided by 39?
13
Calculate the remainder when 290708257 is divided by 740.
737
Calculate the remainder when 4930497 is divided by 20.
17
Calculate the remainder when 13770446 is divided by 5616.
14
What is the remainder when 3749227 is divided by 14937?
40
What is the remainder when 60293 is divided by 29551?
1191
What is the remainder when 631777 is divided by 25?
2
Calculate the remainder when 7635 is divided by 422.
39
Calculate the remainder when 93369 is divided by 92618.
751
What is the remainder when 323937 is divided by 201?
126
What is the remainder when 4099375 is divided by 55?
5
Calculate the remainder when 99083663 is divided by 478665.
8
Calculate the remainder when 2719020 is divide